pose -v = -2*h + 45. List the prime factors of h.
71
Let s(n) = -2*n**2 - 12*n + 3. Let l be s(-6). Suppose -l*c - 4*p = -0*c + 14, 3*p + 25 = 5*c. Suppose c*i + 0*i = 110. List the prime factors of i.
5, 11
Let r(t) be the second derivative of 23*t**3/6 - 15*t**2/2 + t. Suppose 42*i = 51*i - 108. List the prime factors of r(i).
3, 29
Let a be (-3)/(-3 + (-9)/(-6)). Let u(q) = 2*q**3 - 5*q**2 - 6*q + 2. Let k be u(5). Let v = k + a. List the prime factors of v.
3, 11
Let j be (-1088)/(8 - (-104)/(-12)). Suppose 400 = r - 0*t - 5*t, -4*r + 4*t + j = 0. What are the prime factors of r?
2, 5, 41
Suppose 36 = 5*s + 101. Let t(j) = -17*j + 91. What are the prime factors of t(s)?
2, 3, 13
Suppose 3*r - 34398 = f + 31163, 5*r = 2*f + 109269. What are the prime factors of r?
13, 41
Let u(m) = 146*m + 6. Let z be 39/91 + (-92)/(-14). List the prime factors of u(z).
2, 257
Let l be (21/(-14))/((-2)/12). Suppose -l*n + 2750 = n. Suppose -4*p + 49 = -n. List the prime factors of p.
3
What are the prime factors of (48/64)/(170215/(-170220) - -1)?
3, 2837
Suppose -7 = -2*a - 1. Suppose 4*h = -a*h - 2254. Let n = -185 - h. What are the prime factors of n?
137
Let t(c) = -2015 - 2227 + 4402 - 70*c. What are the prime factors of t(-5)?
2, 3, 5, 17
Suppose 6 = -2*j + 4*h - 8*h, -6 = 2*h. Suppose -b - 832 = -4*u + 3*b, -5*u = j*b - 1016. What are the prime factors of u?
5, 41
Suppose 2*l - 3*m - 118482 = 0, -666*l + 668*l - 118502 = -2*m. What are the prime factors of l?
3, 29, 227
Let u = 42 - -44. Suppose -q - 44 + 90 = 0. Let i = u - q. What are the prime factors of i?
2, 5
Let g be (-13)/((-26)/(-120))*(-1)/2. What are the prime factors of (-75)/g*(2 - (-632)/(-10))?
3, 17
Let y be 63/77 + (-2)/(-11). Let x be (-4)/(-10)*(547 + -2). Let i = x - y. What are the prime factors of i?
7, 31
List the prime factors of (-24617235)/(-1111) - ((-6)/11)/2.
2, 3, 1231
Let c(g) = 12*g**3 + 17*g**2 - 33*g - 21. List the prime factors of c(10).
7, 1907
Let n be (-21*3/18)/((-1)/(-2)). Let s(l) = 29*l - 60. Let t(x) = -14*x + 30. Let r(d) = -3*s(d) - 5*t(d). What are the prime factors of r(n)?
149
Suppose 0 = -6*p - 5*p + 143. Let j(b) = -b**3 + 13*b**2 + 5*b - 30. Let k be j(p). Let h = 30 + k. List the prime factors of h.
5, 13
Suppose 4*z - 12 = 0, 0*z = n - 3*z + 240. Let g = n - -339. List the prime factors of g.
2, 3
Let r(p) = p**3 - 21*p**2 + 17*p + 48. Suppose -3*b = v - 60, 6*b + 2*v + 48 = 8*b. List the prime factors of r(b).
3, 5
Let a(r) = -r**3 + 23*r**2 + 43*r - 3. Let o be a(23). Let p = -472 + o. List the prime factors of p.
2, 257
Suppose 9*z + 40 = 40. Suppose z = 5*q + 2*t - 768, 2*t + 5 = -3*t. What are the prime factors of q?
2, 7, 11
Let f = 37382 + -22501. List the prime factors of f.
23, 647
Let p = -1471 + 3307. Suppose 0 = -5*i - 0*f - 2*f + p, 1838 = 5*i + f. What are the prime factors of i?
2, 23
Let k be 223 - 1 - 5/1. Let m = -207 + k. List the prime factors of m.
2, 5
Suppose 7 = -87*f + 86*f. Let b(t) = 7*t**2 + 2*t - 21. List the prime factors of b(f).
2, 7, 11
Let p(y) = -4*y - 1. Let q be p(4). Let x = 17 + q. Suppose -164 = -2*i - 2*h, h = -3*i - x*i + 240. What are the prime factors of i?
79
Suppose 2*i + 5411 - 25078 = -3*j, 3*i - 29508 = -2*j. List the prime factors of i.
2, 4919
Let y(g) = -8*g - g**3 - 12*g**2 + 57 - 17 - 12*g + 3*g. Let b be y(-10). Let u(c) = 3*c**2 - 16*c + 10. What are the prime factors of u(b)?
2, 3, 5
Let v(t) = -267*t - 2. Let d be (-3)/(-3*4/12 - -2). Let z be v(d). Suppose -12*u + z + 137 = 0. What are the prime factors of u?
2, 3, 13
Suppose -3*o = -3*w - 3, 4*w - 10 = 6. Suppose 4*g = o*h + 2248, g + 4*h - 395 = 146. List the prime factors of g.
557
Suppose -4*s = -5*s + 1097. Let c = s - 549. What are the prime factors of c?
2, 137
Let i(o) = o**3 + 10*o**2 + 16*o + 8. Let r be (-2)/6*2 + (-2)/6. Let k be -13 + 15 - (11 + r). List the prime factors of i(k).
2
Let g be (28/21)/((-4)/(-18)). Suppose n + 1 = g. Suppose n*o = 3*o + 4. What are the prime factors of o?
2
Let p(y) = 3*y**3 + 61*y**2 - 27*y - 14. Let f be p(-21). Let i = 431 - f. What are the prime factors of i?
2, 5, 19
Let d(n) = 7*n - 23*n**2 - 5*n**2 - 7 + 5*n + 2*n**3. Let j be d(14). Suppose -5*z = -v + j, 3*z = -3*v + 188 + 223. What are the prime factors of v?
3, 47
Let t(y) = -199207*y**2 - 42*y - 41. Let a be t(-1). What are the prime factors of 1/((-85493)/a + 6/(-14))?
2, 3, 31
Let z(g) = g**2 - 2*g + 3. Let a be z(2). Suppose x + 26 = 3*f, a*f + 58 = -3*x + 7*f. Let s = x + 30. List the prime factors of s.
2
Let h(v) = v**2 + 10*v - 21. Let q be h(-12). Suppose -9 = -3*o + q. What are the prime factors of o/(-16)*-4*(124 + 0)?
2, 31
Let u = 27462 + -12743. What are the prime factors of u?
41, 359
Suppose 11*l = 12*l - 325. Suppose -3*z - l = -1480. List the prime factors of z.
5, 7, 11
Suppose -20 = -l - 293. Let r be 1/8 + l/(-56). What are the prime factors of (-1806)/(-35) + r - 2/(-5)?
3, 19
Let h be 23/4 - 36/48. Suppose -h*g + 2 = -8. Suppose 5*a + g*r - 288 = 168, 0 = -4*r - 8. List the prime factors of a.
2, 23
Let x(f) = -7332*f**3 + 11*f - 6 - 26 + 7337*f**3. List the prime factors of x(7).
2, 5, 11
Let u be (-2686)/(-18) - (-2)/(-9). Let x = u - -327. Let j = x + -337. What are the prime factors of j?
139
Let i be ((-62)/(-1))/(4/16). Let x be (-14)/(-6) + (-40)/120. Suppose i = x*y - 58. List the prime factors of y.
3, 17
Let n be (1 - 2) + (-13 - -313). Suppose 0 = -36*p + 35*p. Suppose 0 = 3*r - 0*c + 5*c - n, -4*r - c + 376 = p. What are the prime factors of r?
3, 31
Let t = 47 + -47. Suppose 5*j = -3*h + 780, t = -5*j - 2*h - 400 + 1175. Suppose 5*d = -p + j, -2*p = d - 16 - 11. List the prime factors of d.
31
What are the prime factors of (-12)/102 - ((-8488896)/102)/4?
2, 101, 103
Let a be (12/(-30))/((-3)/405). What are the prime factors of 1829 + (a/24)/9*-12?
2, 11, 83
Suppose -2*d + 30 = -5*k, -d - 3*k + 2*k + 1 = 0. Let j be (d - 12)*(-216)/14. Suppose 4*a = j + 8. List the prime factors of a.
29
Let w(f) = -233*f + 1015. What are the prime factors of w(-28)?
3, 7, 359
What are the prime factors of (-3*(-205548)/72)/(2/4)?
7, 2447
Suppose 2*w + 4*c = -2*w - 40, -4*c = -5*w - 32. Suppose 0 = 3*j - 3*z - 19 - 14, 2*j = z + 26. Let f = j + w. What are the prime factors of f?
7
Let m be (8 + -4 + -1)/(15/175). Let j(c) = 2*c**3 + 4*c**2 - 8*c - 4. Let d be j(-8). What are the prime factors of 7/m + d/(-10)?
71
Let h(j) = 3*j**2 - 190*j - 3447. What are the prime factors of h(-97)?
2, 5, 29, 149
Let c(g) = 2*g**2 - 25*g + 17. Let p be c(12). Suppose p*l = -7*l + 4068. List the prime factors of l.
3, 113
Let c = 4402 + -236. What are the prime factors of c?
2, 2083
Let n be (-3)/1*(4/3)/(-4). Suppose 5*j + 4 = -3*m - 14, -j - n = -2*m. What are the prime factors of -3 + m + 6 + 62*2?
2, 3, 7
Let f(h) = 9*h**2 + 4*h - 5. Let x be f(-13). Suppose 47*a = 41*a + x. What are the prime factors of a?
2, 61
Let f be 0 + (208 - -1 - (-1 + -2)). Let t = f + -64. List the prime factors of t.
2, 37
Let b(s) = -s**3 + 10*s + 19. Let a be b(-8). Let w = 780 - a. List the prime factors of w.
7, 47
Suppose 16*w - w = 22110 + 25935. List the prime factors of w.
3203
Let f(l) = -5*l**3 + 51*l**2 + 9*l - 79. List the prime factors of f(10).
3, 37
Suppose 172*l - 177*l - 2*q + 25416 = 0, -l + 5051 = 5*q. What are the prime factors of l?
2, 2543
Let q = 9 - 13. Let w(p) = -8*p - 27. Let g be w(q). Suppose 0*v + 3*b - 241 = -g*v, -3*v + 143 = b. What are the prime factors of v?
47
Suppose 0 = 10*r + r - 110. Let g(h) = -3*h**2 - h + 8. Let i be g(0). Suppose -r*b = -i*b - 50. What are the prime factors of b?
5
Let f(w) = 13*w**2 + 3*w - 30. Let n be f(8). Let g = -540 + n. List the prime factors of g.
2, 11, 13
Let r = -4524 - -13674. What are the prime factors of r?
2, 3, 5, 61
Let x be (-10)/2 + 0/(-2) + 3. Let r be x + (1 + 0 - -188). List the prime factors of r*((-3)/(-4) + 5/20).
11, 17
Suppose 2*h + 138 - 84 = 0. List the prime factors of (-2)/h + 77536/108.
2, 359
Let y = 8764 - 5555. List the prime factors of y.
3209
Let o(c) = -34*c + 25. Let u be o(10). Let d = u + 111. Let z = d + 299. List the prime factors of z.
5, 19
Let g = -8142 + 15191. What are the prime factors of g?
7, 19, 53
Suppose -1081079 + 300999 = -16*b. Li